of h and n?
8
Suppose 58*c - 61*c = -15. Suppose c*m + 4*g = 168, -10 = -m + 5*g + 12. What is the highest common factor of 80 and m?
16
Let p = 78 + 34. What is the highest common divisor of 24 and p?
8
Let s(u) = -u**2 - 12*u + 18. Let p be s(-13). Calculate the greatest common factor of 160 and p.
5
Let j be 11/((1/(-7))/1). Let l be (-8)/14 + (-44)/j. Suppose 4 = r - l*r. What is the highest common factor of r and 4?
4
Let t = 227 - 206. What is the greatest common factor of 56 and t?
7
Suppose -3*t - 23 - 202 = 0. Let d = 145 + t. Calculate the highest common factor of d and 30.
10
Suppose 0 = 3*c + 3*d - 5601, -4*c + d = -8219 + 771. Calculate the greatest common factor of c and 23.
23
Let x be 25/(-20) + (-67536)/(-64). Calculate the greatest common divisor of 102 and x.
34
Suppose -j = -o - 5*j + 6, -33 = -2*o - j. What is the greatest common divisor of 16 and o?
2
Suppose -270 = -0*b - 3*b. Let n = -19 + 38. Suppose -5*t + n = -4*t - y, y + 73 = 4*t. Calculate the highest common factor of t and b.
18
Let b(i) = 10*i + 10. Suppose -2*r = 5*a + 5, -r + 12 = 2*r + a. Let u be b(r). What is the greatest common divisor of 12 and u?
12
Let q be (609/14)/((-6)/8). Let l = 63 + q. What is the highest common divisor of l and 20?
5
Let f(p) = -p**3 - 8*p**2 + 5. Suppose -2*y = 20 - 4. Let w be f(y). Let q(s) = 4*s - 1. Let n be q(w). Calculate the greatest common divisor of n and 19.
19
Suppose 4*m - 2*w = 64, -5*w + 4*w + 2 = 0. Suppose -22 = -3*s + m. Calculate the greatest common divisor of s and 117.
13
Suppose -4*c = -2*a - 50, 7*c = 5*c - 4*a. Let i be (1/4)/((-23)/92). Let u be 18792/378 + ((-10)/14 - i). Calculate the highest common divisor of c and u.
10
Let d(r) = r**3 + 3*r**2 + 6*r - 7. Let l be d(-6). Let u = -101 - l. What is the greatest common factor of 75 and u?
25
Suppose -6*n + 16 = -2*n. Suppose 28*i - 31*i + 9 = 3*h, 0 = 3*i + 2*h - 10. Calculate the greatest common factor of n and i.
4
Suppose -4*o + 4*t = -196, t - 2*t + 49 = o. Let h = 85 - o. Suppose 0 = -4*u - u + 20. What is the greatest common factor of u and h?
4
Let p(f) = f**3 - 6*f**2 + f + 3. Let z be p(6). Let o = 528 + -516. What is the greatest common factor of z and o?
3
Let w(v) = -17*v**3 + 2*v + 3. Let p be w(-2). Suppose 447 = 3*l + p. Calculate the greatest common divisor of 26 and l.
26
Let j be (-2516)/(-6) + (-18)/(-27). Suppose f - 3 = 0, -3*p + 5*f = 2*p - j. Suppose -5*q + 188 = -p. What is the highest common divisor of q and 5?
5
Suppose 6*i + 4264 - 4270 = 0. Calculate the highest common factor of 31 and i.
1
Let h = 144 - 97. Let l be (1377/(-306))/(1/(-94)). Calculate the greatest common divisor of l and h.
47
Let h = 200 + -137. Let y = -40 + h. What is the highest common factor of y and 23?
23
Suppose 3*m - 48 = -4*y, -y - 4*m = -2*m - 12. Let o be 2/y*-2 - 510/(-18). What is the highest common divisor of o and 196?
28
Suppose 4*i - 212 = -3*j + 7*j, 5*j + 262 = 2*i. Let h = -44 - j. Calculate the highest common divisor of 72 and h.
8
Let m be (-20)/6*6/(-4). Suppose -3 = -3*p, n - m*n - 2*p = -22. Calculate the highest common factor of n and 15.
5
Let x = 3 + -5. Let d = -15 + 21. Let i be x + -1 + d + -2. Calculate the greatest common divisor of i and 2.
1
Let v be (-1*1)/(4/(-20)). Suppose v*c = 10*c - 505. Suppose 4*m - c = 219. Calculate the greatest common divisor of m and 16.
16
Suppose 18*l - 4550 = -32*l. Calculate the highest common divisor of 28 and l.
7
Let j(x) = 969*x**2 + 4*x - 5. Let v be j(1). Suppose -4*s - 18*s = -v. What is the greatest common divisor of 66 and s?
22
Suppose x + 0*x - 2*n = 4, -3*x + 11 = -5*n. Suppose -x*a + 7*a = 50. Let p be (-1 + 18)*(a - 9). Calculate the highest common factor of p and 51.
17
Suppose 0 = -3*x + a + 2327, 3*x = -9*a + 12*a + 2325. What is the highest common divisor of 291 and x?
97
Suppose 0 = 5*f + 5*q - 1085, 16*q = 3*f + 12*q - 651. Calculate the highest common divisor of f and 186.
31
Suppose y + 21*y = 8228. Calculate the highest common divisor of 34 and y.
34
Let f = -554 + 754. Calculate the highest common factor of f and 75.
25
Let l = 307 + -255. Suppose -s + 5*g = -37, 0*g + 3*g + 12 = 0. Let v = 43 - s. Calculate the highest common factor of v and l.
26
Let a = -52193 + 52263. Suppose -2*m = -0*m - 210. What is the highest common factor of a and m?
35
Suppose -3*t = 14 + 7. Let y be ((-40)/2)/(-8 + (-49)/t). What is the highest common factor of y and 5?
5
Let c(q) be the second derivative of -63*q**5/10 - q**4/6 - q**3/2 - q**2/2 + 14*q. Let s be c(-1). Calculate the highest common divisor of s and 14.
14
Let w(o) = 4*o**3 - 3*o**2 + 5*o - 3. Let k(g) = -g + 2. Let s be k(-2). Let n be w(s). Let f = n - 134. What is the highest common divisor of 13 and f?
13
Let n(d) = 24*d + 197. Let m be n(-8). Calculate the greatest common factor of 335 and m.
5
Let k(c) = 5*c - c - 4*c**3 + 5*c**3 + 6*c**2 - 3. Let n be k(-5). Suppose -3*f + l = -3, -3*f - 2*l - 4 = -8*f. What is the greatest common factor of f and n?
2
Let p = -49 - -32. Let v be p*(-5 - -2 - -2). What is the highest common factor of 51 and v?
17
Let h be (8/12)/(2/15). Let c(z) = z**2 - 12*z + 3. Let l(r) = -1. Let q(s) = c(s) + l(s). Let o be q(13). What is the greatest common factor of h and o?
5
Let b(q) = q**3 + 6*q**2 - 14*q + 31. Let t be b(-8). What is the greatest common factor of 20 and t?
5
Let q(p) = -4*p + 9. Let y be q(-3). Calculate the highest common divisor of y and 525.
21
Suppose 5*t - 2*t + 27 = 0. Let i = t + 21. Suppose 540 = i*s - 8*s. What is the highest common factor of s and 15?
15
Let o be (1225/(-15))/7*-3. Suppose -7*d + 6*d = -70. What is the highest common divisor of d and o?
35
Suppose 39 = 2*v - 51. Suppose -30*i = -23*i - 210. What is the greatest common factor of i and v?
15
Suppose 0 = 2*f - 2*z - 46, -4*f + 54 = 4*z - 70. Let m = 54 - f. Let d = 42 + -24. What is the greatest common divisor of d and m?
9
Let k(u) = -u**2 + 2*u - 209. Let j be k(0). Let w = j + 300. Calculate the highest common divisor of 13 and w.
13
Let r(q) = 2*q + 3. Let z be r(5). Let t be -3 + 140/4 + -3. Let a = t - z. Calculate the highest common divisor of 144 and a.
16
Let h(v) = 42*v + 268. Let t be h(-6). Calculate the greatest common divisor of 16 and t.
16
Suppose 0*o + 4*o = 0. Let v be (o/3 + -10)/(-1). Let c be ((-15)/10)/((-3)/160). What is the greatest common divisor of c and v?
10
Suppose -5*m + 8 = -4*m. Suppose 13*i = m*i + 60. Suppose 5*t - 91 = 2*v, 2*v = -2*t - i + 40. Calculate the greatest common divisor of t and 17.
17
Let v be (-2106)/(-33) - 4/44*-2. What is the highest common divisor of v and 16?
16
Let g = -45 + 38. Let c(l) = -4*l - 23. Let k be c(g). Suppose -k*a + 208 = -2*h - 57, 100 = 2*a - 2*h. Calculate the highest common factor of 5 and a.
5
Let h(v) = -10*v - 16. Let z = -33 - -28. Let o be h(z). Calculate the highest common factor of 238 and o.
34
Let o(j) = j**3 - 9*j**2 + 4*j + 2. Let n be o(7). Let a = n + 148. What is the highest common factor of 32 and a?
16
Let u(p) = -p**3 + 21*p**2 - 2*p - 72. Let s be u(20). What is the highest common factor of 96 and s?
96
Suppose 4*h + 3*s = 57, 2*h + 0*h = -s + 31. Calculate the greatest common divisor of h and 12.
6
Let v = -152 + 159. Calculate the greatest common factor of v and 2.
1
Let q = -13 - -24. Let w = q + -7. Suppose 8*l = 9*l - w. What is the highest common divisor of l and 8?
4
Let c = 0 + 384. What is the greatest common factor of 12 and c?
12
Suppose 66*d = 60*d + 720. Calculate the greatest common factor of 80 and d.
40
Suppose -6*d = -7*d - 4. Let w(n) = n**3 + 10*n**2 - 8*n + 4. Let q be w(d). Calculate the greatest common divisor of q and 12.
12
Let i be ((-7)/28*-12)/(0 + 1). Suppose j - 34 = 4*w + 27, i*j = -2*w + 169. Calculate the highest common divisor of 114 and j.
57
Let w(i) = -67*i + 11. Let l be w(-2). Suppose 3*o - 222 = -4*v - 2*o, 230 = 4*v + o. What is the highest common divisor of v and l?
29
Let o(z) = -3*z + 113. Let v be o(35). Suppose -n + 5*n - 8 = 0. Let h be (6/(-9))/(n/(-72)). Calculate the highest common divisor of h and v.
8
Let n(d) = -d**3 - 2*d**2 + 1. Suppose 2*o - 5*o = 3. Let v be n(o). Suppose u - 151 - 146 = v. What is the highest common factor of u and 27?
27
Let r = 19 + 